are the prime factors of g(h)?
2, 7
What are the prime factors of 12/(-18)*58/(-8)*258?
29, 43
Let w(m) = -2*m**3 - 4*m**2 - 3*m. Let y be w(-2). Suppose 0 = 2*a - l, -a + y*l = 2*l + 14. What are the prime factors of a/5 - (-580)/50?
2, 3
What are the prime factors of 2349 + (-3)/((-27)/(-12))*3?
5, 7, 67
Suppose 3*q - 5*l - 60 = 0, 2*q - l - 40 = 3*l. Let x be (-654)/8 + (-5)/q. What are the prime factors of (x/(-4))/(2/4)?
41
Suppose -186 + 70 = -v. Let z = 291 - v. What are the prime factors of z?
5, 7
Let l(y) = -3*y - 10. Let r be l(-6). Let k(z) = -z**3 + 9*z**2 - 7*z + 10. Let f be k(8). Let a = f + r. What are the prime factors of a?
2, 13
Suppose -3*w = -8*w - 10. List the prime factors of (4 + -8 - w)*-26.
2, 13
Suppose 3*j = -14 - 4. Let d be (14/j)/((-1)/48). Let m = d + -67. List the prime factors of m.
3, 5
Let n = -272 + 325. List the prime factors of n.
53
Let y(w) = 4*w + 5 - 6*w + 5. Let r be y(6). Let j = r - -16. List the prime factors of j.
2, 7
Let t(k) = 5*k**2 - 3*k - 16. Let o be t(8). List the prime factors of (-682)/(-9) - (o/(-45) - -6).
2, 19
Let x(a) = -a**3 + 11*a**2 - a + 23. Let o = -22 - -33. List the prime factors of x(o).
2, 3
Suppose -4*a + 6328 = v - 3*v, 0 = -5*a + 3*v + 7910. List the prime factors of a.
2, 7, 113
Suppose 4 = 4*o - 16. Let j(d) = -d**2 - d - 1. Let q(s) = 4*s**2 + 9*s - 2. Let f(l) = -5*j(l) - q(l). List the prime factors of f(o).
2, 3
Let l(f) = 4*f**2 - 9*f + 10. Let a(d) = -5*d**2 + 8*d - 9. Let r(s) = 3*a(s) + 4*l(s). Let u be r(11). Suppose u*i + 119 = 9*i. List the prime factors of i.
17
Let i(c) = c**3 - 5*c**2 + 4*c - 4. Let t be i(4). Let h be 1 + 1/(t/12). What are the prime factors of (h/(-6))/((-3)/(-45))?
5
Let h(j) = j**3 + 4*j**2 - 12*j - 1. Let g be h(-6). Let s be (2/(-4))/(g/10). What are the prime factors of (-10)/s*(-33)/2?
3, 11
Suppose -42*z + 41*z + a + 958 = 0, -5*z + 4778 = -2*a. What are the prime factors of z?
2, 3, 53
Let z(a) = a**3 + 2*a**2 + 10*a + 2. Let g = 10 - 5. Let m be z(g). Suppose 4*n - 176 = 2*k, 2*k = 5*n + 3*k - m. What are the prime factors of n?
3, 5
Let v(w) = 2*w**3 - 2*w + 3. Let u be v(2). Let f = -8 + u. List the prime factors of 3 - f/(14/(-36)).
3, 7
What are the prime factors of 2/((-2)/(-491)) - (-38 + 42)?
487
Let o(f) = f**2 - 10*f - 2. Let n be o(14). Let d = n - 10. Suppose 2*g - d + 12 = 0. What are the prime factors of g?
2
What are the prime factors of -4 + 5/((-20)/(-4))*679?
3, 5
Let q(f) = -f**3 - 4*f**2 + 2*f + 1. Let n be q(-7). Suppose 3*o - m - 415 = 0, -2*o + n = -o + 4*m. List the prime factors of o.
2, 3, 23
Let l(t) = t**3 + 37*t**2 + 75*t + 125. List the prime factors of l(-22).
5, 31, 37
What are the prime factors of (-4 + 2)*4/8 + 145?
2, 3
Suppose p = 417 + 294. Suppose -p = -5*u - 4*u. List the prime factors of u.
79
Let i = -48 - -68. Let n = 49 + i. What are the prime factors of n?
3, 23
Let d = 6 - 2. Suppose -9*y - 36 = -15*y. Suppose d*p + y = 5*p. List the prime factors of p.
2, 3
Suppose 23 - 2 = 3*p. Suppose 3*x - 411 = -i, x + 3*i - 150 = p*i. List the prime factors of x.
2, 3, 23
Let s be (4/(-12))/(2/78). Let x(m) = -14*m - 7. What are the prime factors of x(s)?
5, 7
Suppose 0 = 10*p - 12*p + 6. Let b(s) = 5*s - 32. Let y(f) = -4*f + 31. Let d(k) = p*b(k) + 4*y(k). List the prime factors of d(20).
2
Let w = 2565 - 1529. What are the prime factors of w?
2, 7, 37
Suppose -9 = -3*r, -8*p = -7*p + 3*r - 170. Let l(y) = 35*y**2. Let a be l(1). Suppose -j - p = -4*v, v - a = 4*j + 24. What are the prime factors of v?
3, 13
Let j(i) = 5 - 1 - i - 4 + 2*i**2. Let s be j(-1). Suppose -2*t = t - 5*r - 109, 0 = s*t - 2*r - 94. List the prime factors of t.
2, 7
Let h(w) = 79*w + 1065. List the prime factors of h(10).
5, 7, 53
Suppose -4*n - 80 = 120. Suppose 4*g + 2*f + 62 = 0, 0 = -4*g - 2*f + 5*f - 47. Let u = g - n. What are the prime factors of u?
2, 3
Suppose -3*p + 4 = p. Let i(m) = -1 - m - m + 18*m**2 + 2. List the prime factors of i(p).
17
Let m be (8/20)/((-1)/(-5)). Suppose r = m*r - 25. List the prime factors of r.
5
Let d(g) = 28*g**2 + 15*g - 19. What are the prime factors of d(-8)?
3, 19, 29
Suppose -11*i + 13*i + 1006 = c, -4*c + 4029 = -3*i. What are the prime factors of c?
2, 3, 7
Let h = -6 + 12. Let w(g) = -5*g - 3. Let q(o) = -16*o - 10. Let l(n) = h*q(n) - 20*w(n). List the prime factors of l(2).
2
Let x(d) = -16*d - 4. Let s be 2/(-5 - -3) + -3. What are the prime factors of x(s)?
2, 3, 5
Let i be (14/(-21))/(2/6). Let m be (-6 - -46)/((-1)/i). Suppose -o - m = -5*o. List the prime factors of o.
2, 5
Let c = 50 + -50. Suppose c = -9*g + 139 + 626. What are the prime factors of g?
5, 17
Suppose -4*n - 19 = -3. Let j(o) = o**2 + 2*o - 3. Let g be j(n). Suppose -4*b - 66 = -g*s, 5*s - 14 = 2*s - 4*b. List the prime factors of s.
2, 5
Let d = 1847 - 1104. List the prime factors of d.
743
Suppose 18*y - 17841 - 2193 = 0. List the prime factors of y.
3, 7, 53
Let v(c) = -c**3 + 5*c**2 + 8*c - 5. Let x be v(6). Let g = x - 13. Let j = g - -17. List the prime factors of j.
11
Let r(s) be the third derivative of -s**4/24 - 7*s**3/6 + 2*s**2. Let o(j) = -j - 1. Let m be o(8). What are the prime factors of r(m)?
2
Suppose 6*y + 446 = 476. Let x be 1/3 + 1360/6. Suppose -r - 3*r = 5*s - x, 0 = 4*s - y*r - 198. List the prime factors of s.
47
Let r(o) = 76*o + 58. What are the prime factors of r(26)?
2, 3, 113
Suppose -28*h - 2064 = -30*h. What are the prime factors of h?
2, 3, 43
Let v = 1658 + 138. What are the prime factors of v?
2, 449
Suppose -10053 - 26227 = -8*i. List the prime factors of i.
5, 907
Suppose 6*a = 4*a - 3*a. Suppose a = 125*l - 121*l - 756. List the prime factors of l.
3, 7
Let f(x) = 262*x**2 - 13*x - 8. List the prime factors of f(-3).
2389
Let l = 46 - 20. Suppose 19 = 3*u + 3*q - l, -4*q + 73 = 5*u. Let n = u + 35. What are the prime factors of n?
2, 3
Suppose 21*a - 4027 - 1076 = 0. What are the prime factors of a?
3
Let b be (-9)/(-45) + 28/10. Suppose 0 = -5*q + 2*o, 5*o = b*q - 8 - 11. Let i = 50 + q. List the prime factors of i.
2, 3
What are the prime factors of ((-33)/(-2))/((-30)/(-2460))?
3, 11, 41
Let i(c) = -2*c**3 - 2*c**2 - 5*c - 7. Let n be i(-4). Suppose -n = -2*k + k + 3*g, 4*g = 3*k - 307. What are the prime factors of k?
97
Let o(b) = 4*b + 11 + 3*b**2 - 11 - 21 - 2*b**2. What are the prime factors of o(5)?
2, 3
Suppose -3*j + 3660 = -1641. What are the prime factors of j?
3, 19, 31
Let x = -15 - -22. Let m = 14 - x. Suppose -m*l = -3*l - 36. List the prime factors of l.
3
Suppose 0 = 3*w - 0*w + o - 19, 2*w - o - 6 = 0. Let a = 35 + 23. Suppose -4*u - w*c + a = 0, -3*c + 4 = u - 7*c. List the prime factors of u.
2, 3
Suppose 3*r - 10 + 172 = 5*j, -3*j = 5*r - 70. Suppose 4*t = -j + 198. List the prime factors of t.
2, 3, 7
Let b(q) = q**2 + 8*q - 5. Let d be b(-9). Suppose 2*a - 111 = -5*g - 21, -198 = -d*a - g. What are the prime factors of a?
2, 5
Suppose 40*l - 618 = 37*l. List the prime factors of l.
2, 103
Let l = 1006 - 539. What are the prime factors of l?
467
Suppose 0 = 5*g + r, 7*g + r - 2 = 4*g. List the prime factors of 19994/143 - (26/(-22) - g).
2, 5, 7
Let i(t) = 6*t**2 + 3*t + 14. Let a be i(-6). Suppose -3*q + a + 121 = 0. What are the prime factors of q?
3, 37
What are the prime factors of 3*(-214)/4*-12?
2, 3, 107
Let t = 287 + -233. What are the prime factors of t?
2, 3
Let n = 452 - -148. What are the prime factors of n?
2, 3, 5
Suppose 0 = -6*b + 3*b - b. Suppose b = t - 36 - 43. List the prime factors of t.
79
Let n(i) = -3*i - 43*i - 13*i - 2 - 6. What are the prime factors of n(-2)?
2, 5, 11
Let r(s) = s**3 + 4*s**2 - 4*s. Let x be r(-5). Let c be (-6)/x*(-210)/(-28). Let w = c + -6. List the prime factors of w.
3
Suppose -3*c + 0*c = -87. Let w = c + -4. What are the prime factors of w?
5
Let h = 12 + -8. Let v(r) = -r - 1. Let m(y) = 7*y + 8. Let t(j) = m(j) + 6*v(j). What are the prime factors of t(h)?
2, 3
Let j be 6/(-3)*(-2)/1. Let q(t) = 4*t**3 + 9*t**2 + 5*t. Let p(h) = -3*h**3 - 8*h**2 - 5*h. Let m(l) = -5*p(l) - 4*q(l). What are the prime factors of m(j)?
2, 5
Let q(t) = -t**2 + 2*t + 4. Let o be q(3). Let g = o + 64. What are the prime factors of g?
5, 13
Let d = 1209 + -831. Let w = d - 255. What are the prime factor